Mini Shell

Direktori : /home/bdskirpanfactory/access-logs/
Upload File :
Current File : /home/bdskirpanfactory/access-logs/bdskirpanfactory.com

68.183.51.70 - - [29/Nov/2025:18:15:13 +0000] "GET /.git/config HTTP/1.1" 403 1242 "-" "Mozilla/5.0 (X11; Linux x86_64) AppleWebKit/537.36 (KHTML, like Gecko) Chrome/81.0.4044.129 Safari/537.36"
216.244.66.234 - - [29/Nov/2025:18:22:51 +0000] "GET /robots.txt HTTP/1.1" 200 555 "-" "Mozilla/5.0 (compatible; DotBot/1.2; +https://opensiteexplorer.org/dotbot; help@moz.com)"
216.244.66.234 - - [29/Nov/2025:18:32:28 +0000] "GET /product?url=wooden-saumrai HTTP/1.1" 200 479807 "-" "Mozilla/5.0 (compatible; DotBot/1.2; +https://opensiteexplorer.org/dotbot; help@moz.com)"
216.244.66.234 - - [29/Nov/2025:19:11:24 +0000] "GET /robots.txt HTTP/1.1" 200 555 "-" "Mozilla/5.0 (compatible; DotBot/1.2; +https://opensiteexplorer.org/dotbot; help@moz.com)"
216.244.66.234 - - [29/Nov/2025:19:18:58 +0000] "GET /product?url=weddings-sword HTTP/1.1" 200 476999 "-" "Mozilla/5.0 (compatible; DotBot/1.2; +https://opensiteexplorer.org/dotbot; help@moz.com)"
216.244.66.234 - - [29/Nov/2025:20:02:58 +0000] "GET /robots.txt HTTP/1.1" 200 555 "-" "Mozilla/5.0 (compatible; DotBot/1.2; +https://opensiteexplorer.org/dotbot; help@moz.com)"
68.183.51.70 - - [29/Nov/2025:20:03:27 +0000] "GET /.git/config HTTP/1.1" 403 1242 "-" "Mozilla/5.0 (X11; Linux x86_64) AppleWebKit/537.36 (KHTML, like Gecko) Chrome/81.0.4044.129 Safari/537.36"
216.244.66.234 - - [29/Nov/2025:20:10:26 +0000] "GET /shop/wooden-saumrai HTTP/1.1" 200 479807 "-" "Mozilla/5.0 (compatible; DotBot/1.2; +https://opensiteexplorer.org/dotbot; help@moz.com)"
216.244.66.234 - - [29/Nov/2025:20:10:37 +0000] "GET /shop/katana-sword-steel-blade HTTP/1.1" 200 476866 "-" "Mozilla/5.0 (compatible; DotBot/1.2; +https://opensiteexplorer.org/dotbot; help@moz.com)"
216.244.66.234 - - [29/Nov/2025:19:19:10 +0000] "GET /shop/katana-sword HTTP/1.1" 200 479577 "-" "Mozilla/5.0 (compatible; DotBot/1.2; +https://opensiteexplorer.org/dotbot; help@moz.com)"
68.183.51.70 - - [29/Nov/2025:19:52:40 +0000] "GET /.git/config HTTP/1.1" 403 1242 "-" "Mozilla/5.0 (X11; Linux x86_64) AppleWebKit/537.36 (KHTML, like Gecko) Chrome/81.0.4044.129 Safari/537.36"
216.244.66.234 - - [29/Nov/2025:20:10:11 +0000] "GET /shop/maharaja-sword HTTP/1.1" 200 479212 "-" "Mozilla/5.0 (compatible; DotBot/1.2; +https://opensiteexplorer.org/dotbot; help@moz.com)"
43.166.128.86 - - [29/Nov/2025:20:34:15 +0000] "GET / HTTP/1.1" 200 65261 "-" "Mozilla/5.0 (iPhone; CPU iPhone OS 13_2_3 like Mac OS X) AppleWebKit/605.1.15 (KHTML, like Gecko) Version/13.0.3 Mobile/15E148 Safari/604.1"
216.244.66.234 - - [29/Nov/2025:20:57:07 +0000] "GET /product?url=rajputana-sword HTTP/1.1" 200 477137 "-" "Mozilla/5.0 (compatible; DotBot/1.2; +https://opensiteexplorer.org/dotbot; help@moz.com)"
216.244.66.234 - - [29/Nov/2025:21:35:04 +0000] "GET /robots.txt HTTP/1.1" 200 555 "-" "Mozilla/5.0 (compatible; DotBot/1.2; +https://opensiteexplorer.org/dotbot; help@moz.com)"
216.244.66.234 - - [29/Nov/2025:21:42:26 +0000] "GET /category/rajputana-sword HTTP/1.1" 200 109234 "-" "Mozilla/5.0 (compatible; DotBot/1.2; +https://opensiteexplorer.org/dotbot; help@moz.com)"
216.244.66.234 - - [29/Nov/2025:21:42:39 +0000] "GET /product?url=medeval-sword HTTP/1.1" 200 478150 "-" "Mozilla/5.0 (compatible; DotBot/1.2; +https://opensiteexplorer.org/dotbot; help@moz.com)"
68.183.51.70 - - [29/Nov/2025:22:08:44 +0000] "GET /.git/config HTTP/1.1" 403 1242 "-" "Mozilla/5.0 (X11; Linux x86_64) AppleWebKit/537.36 (KHTML, like Gecko) Chrome/81.0.4044.129 Safari/537.36"
216.244.66.234 - - [29/Nov/2025:23:06:15 +0000] "GET /robots.txt HTTP/1.1" 200 555 "-" "Mozilla/5.0 (compatible; DotBot/1.2; +https://opensiteexplorer.org/dotbot; help@moz.com)"
182.42.105.85 - - [29/Nov/2025:23:34:55 +0000] "GET / HTTP/1.1" 200 65953 "-" "Mozilla/5.0 (iPhone; CPU iPhone OS 13_2_3 like Mac OS X) AppleWebKit/605.1.15 (KHTML, like Gecko) Version/13.0.3 Mobile/15E148 Safari/604.1"
216.244.66.234 - - [29/Nov/2025:23:51:51 +0000] "GET /robots.txt HTTP/1.1" 200 555 "-" "Mozilla/5.0 (compatible; DotBot/1.2; +https://opensiteexplorer.org/dotbot; help@moz.com)"
216.244.66.234 - - [30/Nov/2025:00:01:52 +0000] "GET /shop/sword HTTP/1.1" 200 482374 "-" "Mozilla/5.0 (compatible; DotBot/1.2; +https://opensiteexplorer.org/dotbot; help@moz.com)"
216.244.66.234 - - [30/Nov/2025:00:02:33 +0000] "GET /shop/bahubali-antique-sword HTTP/1.1" 200 476991 "-" "Mozilla/5.0 (compatible; DotBot/1.2; +https://opensiteexplorer.org/dotbot; help@moz.com)"
216.244.66.234 - - [30/Nov/2025:00:50:15 +0000] "GET /robots.txt HTTP/1.1" 200 555 "-" "Mozilla/5.0 (compatible; DotBot/1.2; +https://opensiteexplorer.org/dotbot; help@moz.com)"
27.214.24.142 - - [30/Nov/2025:00:55:08 +0000] "GET / HTTP/1.1" 301 795 "http://www.bdskirpanfactory.com/" "Mozilla/5.0 (Windows NT 6.1; WOW64) AppleWebKit/537.36 (KHTML, like Gecko) Chrome/50.0.2661.102 Safari/537.36"
216.244.66.234 - - [30/Nov/2025:00:58:04 +0000] "GET /shop/american-tega-sword HTTP/1.1" 200 476750 "-" "Mozilla/5.0 (compatible; DotBot/1.2; +https://opensiteexplorer.org/dotbot; help@moz.com)"
120.208.39.169 - - [30/Nov/2025:01:36:52 +0000] "GET / HTTP/1.1" 200 65953 "http://bdskirpanfactory.com/" "Mozilla/5.0 (Windows NT 6.1; WOW64) AppleWebKit/537.36 (KHTML, like Gecko) Chrome/50.0.2661.102 Safari/537.36"
45.149.173.219 - - [30/Nov/2025:01:56:11 +0000] "GET /web/wp-includes/wlwmanifest.xml HTTP/1.1" 404 1251 "-" "Mozilla/5.0 (Windows NT 10.0; Win64; x64) AppleWebKit/537.36 (KHTML, like Gecko) Chrome/78.0.3904.108 Safari/537.36"
45.149.173.219 - - [30/Nov/2025:01:56:11 +0000] "GET /wordpress/wp-includes/wlwmanifest.xml HTTP/1.1" 404 1251 "-" "Mozilla/5.0 (Windows NT 10.0; Win64; x64) AppleWebKit/537.36 (KHTML, like Gecko) Chrome/78.0.3904.108 Safari/537.36"
45.149.173.219 - - [30/Nov/2025:01:56:11 +0000] "GET /website/wp-includes/wlwmanifest.xml HTTP/1.1" 404 1251 "-" "Mozilla/5.0 (Windows NT 10.0; Win64; x64) AppleWebKit/537.36 (KHTML, like Gecko) Chrome/78.0.3904.108 Safari/537.36"
45.149.173.219 - - [30/Nov/2025:01:56:11 +0000] "GET /wp/wp-includes/wlwmanifest.xml HTTP/1.1" 404 1251 "-" "Mozilla/5.0 (Windows NT 10.0; Win64; x64) AppleWebKit/537.36 (KHTML, like Gecko) Chrome/78.0.3904.108 Safari/537.36"
45.149.173.219 - - [30/Nov/2025:01:56:11 +0000] "GET /news/wp-includes/wlwmanifest.xml HTTP/1.1" 404 1251 "-" "Mozilla/5.0 (Windows NT 10.0; Win64; x64) AppleWebKit/537.36 (KHTML, like Gecko) Chrome/78.0.3904.108 Safari/537.36"
45.149.173.219 - - [30/Nov/2025:01:56:12 +0000] "GET /2018/wp-includes/wlwmanifest.xml HTTP/1.1" 404 1251 "-" "Mozilla/5.0 (Windows NT 10.0; Win64; x64) AppleWebKit/537.36 (KHTML, like Gecko) Chrome/78.0.3904.108 Safari/537.36"
45.149.173.219 - - [30/Nov/2025:01:56:12 +0000] "GET /2019/wp-includes/wlwmanifest.xml HTTP/1.1" 404 1251 "-" "Mozilla/5.0 (Windows NT 10.0; Win64; x64) AppleWebKit/537.36 (KHTML, like Gecko) Chrome/78.0.3904.108 Safari/537.36"
45.149.173.219 - - [30/Nov/2025:01:56:12 +0000] "GET /shop/wp-includes/wlwmanifest.xml HTTP/1.1" 200 139059 "-" "Mozilla/5.0 (Windows NT 10.0; Win64; x64) AppleWebKit/537.36 (KHTML, like Gecko) Chrome/78.0.3904.108 Safari/537.36"
45.149.173.219 - - [30/Nov/2025:01:56:14 +0000] "GET /wp1/wp-includes/wlwmanifest.xml HTTP/1.1" 404 1251 "-" "Mozilla/5.0 (Windows NT 10.0; Win64; x64) AppleWebKit/537.36 (KHTML, like Gecko) Chrome/78.0.3904.108 Safari/537.36"
45.149.173.219 - - [30/Nov/2025:01:56:14 +0000] "GET /test/wp-includes/wlwmanifest.xml HTTP/1.1" 404 1251 "-" "Mozilla/5.0 (Windows NT 10.0; Win64; x64) AppleWebKit/537.36 (KHTML, like Gecko) Chrome/78.0.3904.108 Safari/537.36"
45.149.173.219 - - [30/Nov/2025:01:56:14 +0000] "GET /media/wp-includes/wlwmanifest.xml HTTP/1.1" 404 1251 "-" "Mozilla/5.0 (Windows NT 10.0; Win64; x64) AppleWebKit/537.36 (KHTML, like Gecko) Chrome/78.0.3904.108 Safari/537.36"
45.149.173.219 - - [30/Nov/2025:01:56:15 +0000] "GET /wp2/wp-includes/wlwmanifest.xml HTTP/1.1" 404 1251 "-" "Mozilla/5.0 (Windows NT 10.0; Win64; x64) AppleWebKit/537.36 (KHTML, like Gecko) Chrome/78.0.3904.108 Safari/537.36"
45.149.173.219 - - [30/Nov/2025:01:56:15 +0000] "GET /site/wp-includes/wlwmanifest.xml HTTP/1.1" 404 1251 "-" "Mozilla/5.0 (Windows NT 10.0; Win64; x64) AppleWebKit/537.36 (KHTML, like Gecko) Chrome/78.0.3904.108 Safari/537.36"
45.149.173.219 - - [30/Nov/2025:01:56:15 +0000] "GET /cms/wp-includes/wlwmanifest.xml HTTP/1.1" 404 1251 "-" "Mozilla/5.0 (Windows NT 10.0; Win64; x64) AppleWebKit/537.36 (KHTML, like Gecko) Chrome/78.0.3904.108 Safari/537.36"
45.149.173.219 - - [30/Nov/2025:01:56:15 +0000] "GET /sito/wp-includes/wlwmanifest.xml HTTP/1.1" 404 1251 "-" "Mozilla/5.0 (Windows NT 10.0; Win64; x64) AppleWebKit/537.36 (KHTML, like Gecko) Chrome/78.0.3904.108 Safari/537.36"
68.183.51.70 - - [30/Nov/2025:01:59:02 +0000] "GET /.git/config HTTP/1.1" 403 1242 "-" "Mozilla/5.0 (X11; Linux x86_64) AppleWebKit/537.36 (KHTML, like Gecko) Chrome/81.0.4044.129 Safari/537.36"
216.244.66.234 - - [30/Nov/2025:02:22:24 +0000] "GET /robots.txt HTTP/1.1" 200 555 "-" "Mozilla/5.0 (compatible; DotBot/1.2; +https://opensiteexplorer.org/dotbot; help@moz.com)"
43.128.19.78 - - [30/Nov/2025:03:13:40 +0000] "GET / HTTP/1.1" 200 65057 "-" "Mozilla/5.0 (Macintosh; Intel Mac OS X 10_13_6) AppleWebKit/537.36(KHTML, like Gecko) Chrome/67.0.3396.99 Safari/537.36"
216.244.66.234 - - [30/Nov/2025:03:16:50 +0000] "GET /shop/medival HTTP/1.1" 200 476789 "-" "Mozilla/5.0 (compatible; DotBot/1.2; +https://opensiteexplorer.org/dotbot; help@moz.com)"
152.42.164.116 - - [30/Nov/2025:03:54:34 +0000] "GET / HTTP/1.1" 200 808775 "-" "Mozilla/5.0 (Windows NT 10.0; Win64; x64) AppleWebKit/537.36 (KHTML, like Gecko) Chrome/88.0.4240.193 Safari/537.36"
152.42.164.116 - - [30/Nov/2025:03:54:38 +0000] "GET / HTTP/1.1" 200 808775 "-" "Mozilla/5.0 (Windows NT 10.0; Win64; x64) AppleWebKit/537.36 (KHTML, like Gecko) Chrome/88.0.4240.193 Safari/537.36"
152.42.164.116 - - [30/Nov/2025:03:54:41 +0000] "GET /wp-includes/wlwmanifest.xml HTTP/1.1" 404 1251 "-" "Mozilla/5.0 (Windows NT 10.0; Win64; x64) AppleWebKit/537.36 (KHTML, like Gecko) Chrome/88.0.4240.193 Safari/537.36"
152.42.164.116 - - [30/Nov/2025:03:54:41 +0000] "GET /xmlrpc.php?rsd HTTP/1.1" 302 771 "-" "Mozilla/5.0 (Windows NT 10.0; Win64; x64) AppleWebKit/537.36 (KHTML, like Gecko) Chrome/88.0.4240.193 Safari/537.36"
152.42.164.116 - - [30/Nov/2025:03:54:41 +0000] "GET / HTTP/1.1" 200 808775 "-" "Mozilla/5.0 (Windows NT 10.0; Win64; x64) AppleWebKit/537.36 (KHTML, like Gecko) Chrome/88.0.4240.193 Safari/537.36"
43.157.53.115 - - [29/Nov/2025:20:33:43 +0000] "GET / HTTP/1.1" 301 795 "-" "Mozilla/5.0 (iPhone; CPU iPhone OS 13_2_3 like Mac OS X) AppleWebKit/605.1.15 (KHTML, like Gecko) Version/13.0.3 Mobile/15E148 Safari/604.1"
216.244.66.234 - - [29/Nov/2025:20:49:23 +0000] "GET /robots.txt HTTP/1.1" 200 555 "-" "Mozilla/5.0 (compatible; DotBot/1.2; +https://opensiteexplorer.org/dotbot; help@moz.com)"
216.244.66.234 - - [29/Nov/2025:20:57:13 +0000] "GET /shop/dal-talwar HTTP/1.1" 200 477036 "-" "Mozilla/5.0 (compatible; DotBot/1.2; +https://opensiteexplorer.org/dotbot; help@moz.com)"
216.244.66.234 - - [29/Nov/2025:20:57:56 +0000] "GET /shop/medeval-sword HTTP/1.1" 200 478150 "-" "Mozilla/5.0 (compatible; DotBot/1.2; +https://opensiteexplorer.org/dotbot; help@moz.com)"
216.244.66.234 - - [29/Nov/2025:21:42:49 +0000] "GET /shipping-policy.php HTTP/1.1" 302 771 "-" "Mozilla/5.0 (compatible; DotBot/1.2; +https://opensiteexplorer.org/dotbot; help@moz.com)"
216.244.66.234 - - [29/Nov/2025:23:14:12 +0000] "GET /shop/wedding-decorative HTTP/1.1" 200 475855 "-" "Mozilla/5.0 (compatible; DotBot/1.2; +https://opensiteexplorer.org/dotbot; help@moz.com)"
216.244.66.234 - - [29/Nov/2025:23:14:50 +0000] "GET /shop/decorative-wall-hanging HTTP/1.1" 200 478120 "-" "Mozilla/5.0 (compatible; DotBot/1.2; +https://opensiteexplorer.org/dotbot; help@moz.com)"
216.244.66.234 - - [30/Nov/2025:00:02:14 +0000] "GET /product?url=shivaji-maharaj-talwar HTTP/1.1" 200 477677 "-" "Mozilla/5.0 (compatible; DotBot/1.2; +https://opensiteexplorer.org/dotbot; help@moz.com)"
183.199.0.62 - - [30/Nov/2025:01:36:34 +0000] "GET /index.php HTTP/1.1" 302 771 "http://bdskirpanfactory.com/index.php" "Mozilla/5.0 (Windows NT 6.1; WOW64) AppleWebKit/537.36 (KHTML, like Gecko) Chrome/50.0.2661.102 Safari/537.36"
223.88.31.206 - - [30/Nov/2025:01:36:42 +0000] "GET /index HTTP/1.1" 301 795 "http://bdskirpanfactory.com/index" "Mozilla/5.0 (Windows NT 6.1; WOW64) AppleWebKit/537.36 (KHTML, like Gecko) Chrome/50.0.2661.102 Safari/537.36"
45.149.173.219 - - [30/Nov/2025:01:56:02 +0000] "GET / HTTP/1.1" 200 808775 "-" "Mozilla/5.0 (Windows NT 10.0; Win64; x64) AppleWebKit/537.36 (KHTML, like Gecko) Chrome/78.0.3904.108 Safari/537.36"
45.149.173.219 - - [30/Nov/2025:01:56:07 +0000] "GET / HTTP/1.1" 200 808775 "-" "Mozilla/5.0 (Windows NT 10.0; Win64; x64) AppleWebKit/537.36 (KHTML, like Gecko) Chrome/78.0.3904.108 Safari/537.36"
45.149.173.219 - - [30/Nov/2025:01:56:09 +0000] "GET /wp-includes/wlwmanifest.xml HTTP/1.1" 404 1251 "-" "Mozilla/5.0 (Windows NT 10.0; Win64; x64) AppleWebKit/537.36 (KHTML, like Gecko) Chrome/78.0.3904.108 Safari/537.36"
45.149.173.219 - - [30/Nov/2025:01:56:09 +0000] "GET /xmlrpc.php?rsd HTTP/1.1" 302 771 "-" "Mozilla/5.0 (Windows NT 10.0; Win64; x64) AppleWebKit/537.36 (KHTML, like Gecko) Chrome/78.0.3904.108 Safari/537.36"
45.149.173.219 - - [30/Nov/2025:01:56:10 +0000] "GET / HTTP/1.1" 200 808775 "-" "Mozilla/5.0 (Windows NT 10.0; Win64; x64) AppleWebKit/537.36 (KHTML, like Gecko) Chrome/78.0.3904.108 Safari/537.36"
45.149.173.219 - - [30/Nov/2025:01:56:10 +0000] "GET /blog/wp-includes/wlwmanifest.xml HTTP/1.1" 500 800 "-" "Mozilla/5.0 (Windows NT 10.0; Win64; x64) AppleWebKit/537.36 (KHTML, like Gecko) Chrome/78.0.3904.108 Safari/537.36"
216.244.66.234 - - [30/Nov/2025:02:29:57 +0000] "GET /shop/rajput-antique-talwar HTTP/1.1" 200 478744 "-" "Mozilla/5.0 (compatible; DotBot/1.2; +https://opensiteexplorer.org/dotbot; help@moz.com)"
216.244.66.234 - - [30/Nov/2025:03:08:13 +0000] "GET /robots.txt HTTP/1.1" 200 555 "-" "Mozilla/5.0 (compatible; DotBot/1.2; +https://opensiteexplorer.org/dotbot; help@moz.com)"
216.244.66.234 - - [30/Nov/2025:03:17:28 +0000] "GET /shop/tega-jodhpuri HTTP/1.1" 200 476942 "-" "Mozilla/5.0 (compatible; DotBot/1.2; +https://opensiteexplorer.org/dotbot; help@moz.com)"
216.244.66.234 - - [30/Nov/2025:03:18:00 +0000] "GET /shop/zulfiqar HTTP/1.1" 200 478941 "-" "Mozilla/5.0 (compatible; DotBot/1.2; +https://opensiteexplorer.org/dotbot; help@moz.com)"
152.42.164.116 - - [30/Nov/2025:03:54:45 +0000] "GET /blog/wp-includes/wlwmanifest.xml HTTP/1.1" 500 800 "-" "Mozilla/5.0 (Windows NT 10.0; Win64; x64) AppleWebKit/537.36 (KHTML, like Gecko) Chrome/88.0.4240.193 Safari/537.36"
152.42.164.116 - - [30/Nov/2025:03:54:46 +0000] "GET /web/wp-includes/wlwmanifest.xml HTTP/1.1" 404 1251 "-" "Mozilla/5.0 (Windows NT 10.0; Win64; x64) AppleWebKit/537.36 (KHTML, like Gecko) Chrome/88.0.4240.193 Safari/537.36"
152.42.164.116 - - [30/Nov/2025:03:54:46 +0000] "GET /wordpress/wp-includes/wlwmanifest.xml HTTP/1.1" 404 1251 "-" "Mozilla/5.0 (Windows NT 10.0; Win64; x64) AppleWebKit/537.36 (KHTML, like Gecko) Chrome/88.0.4240.193 Safari/537.36"
152.42.164.116 - - [30/Nov/2025:03:54:46 +0000] "GET /website/wp-includes/wlwmanifest.xml HTTP/1.1" 404 1251 "-" "Mozilla/5.0 (Windows NT 10.0; Win64; x64) AppleWebKit/537.36 (KHTML, like Gecko) Chrome/88.0.4240.193 Safari/537.36"
152.42.164.116 - - [30/Nov/2025:03:54:46 +0000] "GET /wp/wp-includes/wlwmanifest.xml HTTP/1.1" 404 1251 "-" "Mozilla/5.0 (Windows NT 10.0; Win64; x64) AppleWebKit/537.36 (KHTML, like Gecko) Chrome/88.0.4240.193 Safari/537.36"
152.42.164.116 - - [30/Nov/2025:03:54:46 +0000] "GET /news/wp-includes/wlwmanifest.xml HTTP/1.1" 404 1251 "-" "Mozilla/5.0 (Windows NT 10.0; Win64; x64) AppleWebKit/537.36 (KHTML, like Gecko) Chrome/88.0.4240.193 Safari/537.36"
152.42.164.116 - - [30/Nov/2025:03:54:47 +0000] "GET /2020/wp-includes/wlwmanifest.xml HTTP/1.1" 404 1251 "-" "Mozilla/5.0 (Windows NT 10.0; Win64; x64) AppleWebKit/537.36 (KHTML, like Gecko) Chrome/88.0.4240.193 Safari/537.36"
152.42.164.116 - - [30/Nov/2025:03:54:47 +0000] "GET /2019/wp-includes/wlwmanifest.xml HTTP/1.1" 404 1251 "-" "Mozilla/5.0 (Windows NT 10.0; Win64; x64) AppleWebKit/537.36 (KHTML, like Gecko) Chrome/88.0.4240.193 Safari/537.36"
152.42.164.116 - - [30/Nov/2025:03:54:47 +0000] "GET /shop/wp-includes/wlwmanifest.xml HTTP/1.1" 200 139059 "-" "Mozilla/5.0 (Windows NT 10.0; Win64; x64) AppleWebKit/537.36 (KHTML, like Gecko) Chrome/88.0.4240.193 Safari/537.36"
152.42.164.116 - - [30/Nov/2025:03:54:48 +0000] "GET /wp1/wp-includes/wlwmanifest.xml HTTP/1.1" 404 1251 "-" "Mozilla/5.0 (Windows NT 10.0; Win64; x64) AppleWebKit/537.36 (KHTML, like Gecko) Chrome/88.0.4240.193 Safari/537.36"
152.42.164.116 - - [30/Nov/2025:03:54:48 +0000] "GET /test/wp-includes/wlwmanifest.xml HTTP/1.1" 404 1251 "-" "Mozilla/5.0 (Windows NT 10.0; Win64; x64) AppleWebKit/537.36 (KHTML, like Gecko) Chrome/88.0.4240.193 Safari/537.36"
152.42.164.116 - - [30/Nov/2025:03:54:48 +0000] "GET /wp2/wp-includes/wlwmanifest.xml HTTP/1.1" 404 1251 "-" "Mozilla/5.0 (Windows NT 10.0; Win64; x64) AppleWebKit/537.36 (KHTML, like Gecko) Chrome/88.0.4240.193 Safari/537.36"
152.42.164.116 - - [30/Nov/2025:03:54:49 +0000] "GET /site/wp-includes/wlwmanifest.xml HTTP/1.1" 404 1251 "-" "Mozilla/5.0 (Windows NT 10.0; Win64; x64) AppleWebKit/537.36 (KHTML, like Gecko) Chrome/88.0.4240.193 Safari/537.36"
152.42.164.116 - - [30/Nov/2025:03:54:49 +0000] "GET /cms/wp-includes/wlwmanifest.xml HTTP/1.1" 404 1251 "-" "Mozilla/5.0 (Windows NT 10.0; Win64; x64) AppleWebKit/537.36 (KHTML, like Gecko) Chrome/88.0.4240.193 Safari/537.36"
152.42.164.116 - - [30/Nov/2025:03:54:49 +0000] "GET /sito/wp-includes/wlwmanifest.xml HTTP/1.1" 404 1251 "-" "Mozilla/5.0 (Windows NT 10.0; Win64; x64) AppleWebKit/537.36 (KHTML, like Gecko) Chrome/88.0.4240.193 Safari/537.36"
43.157.52.37 - - [30/Nov/2025:04:55:23 +0000] "GET / HTTP/1.1" 301 795 "-" "Mozilla/5.0 (iPhone; CPU iPhone OS 13_2_3 like Mac OS X) AppleWebKit/605.1.15 (KHTML, like Gecko) Version/13.0.3 Mobile/15E148 Safari/604.1"
43.153.15.51 - - [30/Nov/2025:04:54:40 +0000] "GET / HTTP/1.1" 200 65923 "-" "Mozilla/5.0 (iPhone; CPU iPhone OS 13_2_3 like Mac OS X) AppleWebKit/605.1.15 (KHTML, like Gecko) Version/13.0.3 Mobile/15E148 Safari/604.1"
202.178.119.2 - - [30/Nov/2025:05:35:41 +0000] "GET /sftp-config.json HTTP/1.1" 404 1251 "-" "Mozilla/5.0 (Macintosh; Intel Mac OS X 10.15; rv:77.0) Gecko/20100101 Firefox/77.0"
202.178.119.2 - - [30/Nov/2025:05:35:41 +0000] "GET /.vscode/sftp.json HTTP/1.1" 404 1251 "-" "Mozilla/5.0 (Macintosh; Intel Mac OS X 10.15; rv:77.0) Gecko/20100101 Firefox/77.0"
216.244.66.234 - - [30/Nov/2025:05:36:00 +0000] "GET /robots.txt HTTP/1.1" 200 555 "-" "Mozilla/5.0 (compatible; DotBot/1.2; +https://opensiteexplorer.org/dotbot; help@moz.com)"
216.244.66.234 - - [30/Nov/2025:05:43:46 +0000] "GET /product?url=antique-dagger-chinese HTTP/1.1" 200 112782 "-" "Mozilla/5.0 (compatible; DotBot/1.2; +https://opensiteexplorer.org/dotbot; help@moz.com)"
194.169.92.9 - - [30/Nov/2025:07:58:29 +0000] "GET / HTTP/1.1" 200 65950 "-" "Mozilla/5.0 (X11; Linux x86_64) AppleWebKit/537.36 (KHTML, like Gecko) Chrome/135.0.7049.115 Safari/537.36"
216.244.66.234 - - [30/Nov/2025:08:49:59 +0000] "GET /robots.txt HTTP/1.1" 200 555 "-" "Mozilla/5.0 (compatible; DotBot/1.2; +https://opensiteexplorer.org/dotbot; help@moz.com)"
216.244.66.234 - - [30/Nov/2025:09:37:39 +0000] "GET /robots.txt HTTP/1.1" 200 555 "-" "Mozilla/5.0 (compatible; DotBot/1.2; +https://opensiteexplorer.org/dotbot; help@moz.com)"
216.244.66.234 - - [30/Nov/2025:09:47:00 +0000] "GET /product.php?url=chinese-decorative-itam-chaku HTTP/1.1" 302 771 "-" "Mozilla/5.0 (compatible; DotBot/1.2; +https://opensiteexplorer.org/dotbot; help@moz.com)"
216.244.66.234 - - [30/Nov/2025:10:33:21 +0000] "GET /product.php?url=wedding-pack-piece HTTP/1.1" 302 771 "-" "Mozilla/5.0 (compatible; DotBot/1.2; +https://opensiteexplorer.org/dotbot; help@moz.com)"
216.244.66.234 - - [30/Nov/2025:11:20:10 +0000] "GET /shop/decorative-wedding-talwar HTTP/1.1" 200 476856 "-" "Mozilla/5.0 (compatible; DotBot/1.2; +https://opensiteexplorer.org/dotbot; help@moz.com)"
216.244.66.234 - - [30/Nov/2025:11:20:24 +0000] "GET /product.php?url=maharaja-sword HTTP/1.1" 302 771 "-" "Mozilla/5.0 (compatible; DotBot/1.2; +https://opensiteexplorer.org/dotbot; help@moz.com)"
180.153.236.124 - - [30/Nov/2025:11:35:23 +0000] "GET / HTTP/1.1" 301 795 "http://www.bdskirpanfactory.com/" "Mozilla/5.0 (Windows NT 10.0; Win64; x64) AppleWebKit/537.36 (KHTML, like Gecko) Chrome/140.0.0.0 Safari/537.36 Edg/140.0.0.0; 360Spider"
216.244.66.234 - - [30/Nov/2025:11:57:22 +0000] "GET /robots.txt HTTP/1.1" 200 555 "-" "Mozilla/5.0 (compatible; DotBot/1.2; +https://opensiteexplorer.org/dotbot; help@moz.com)"
216.244.66.234 - - [30/Nov/2025:12:06:38 +0000] "GET /shop/japanis-samurai-both HTTP/1.1" 200 477469 "-" "Mozilla/5.0 (compatible; DotBot/1.2; +https://opensiteexplorer.org/dotbot; help@moz.com)"
216.244.66.234 - - [30/Nov/2025:12:06:56 +0000] "GET /shop/decorative-marriage-wedding HTTP/1.1" 200 480993 "-" "Mozilla/5.0 (compatible; DotBot/1.2; +https://opensiteexplorer.org/dotbot; help@moz.com)"
182.44.10.67 - - [30/Nov/2025:12:44:35 +0000] "GET / HTTP/1.1" 200 65953 "-" "Mozilla/5.0 (iPhone; CPU iPhone OS 13_2_3 like Mac OS X) AppleWebKit/605.1.15 (KHTML, like Gecko) Version/13.0.3 Mobile/15E148 Safari/604.1"
216.244.66.234 - - [30/Nov/2025:12:46:17 +0000] "GET /robots.txt HTTP/1.1" 200 555 "-" "Mozilla/5.0 (compatible; DotBot/1.2; +https://opensiteexplorer.org/dotbot; help@moz.com)"
49.51.36.179 - - [30/Nov/2025:13:06:34 +0000] "GET / HTTP/1.1" 200 23113 "-" "Mozilla/5.0 (iPhone; CPU iPhone OS 13_2_3 like Mac OS X) AppleWebKit/605.1.15 (KHTML, like Gecko) Version/13.0.3 Mobile/15E148 Safari/604.1"
69.160.160.55 - - [30/Nov/2025:13:10:22 +0000] "GET / HTTP/1.1" 200 65371 "-" "Mozilla/5.0 AppleWebKit/537.36 (KHTML, like Gecko; compatible; Nicecrawler/1.1; +http://www.nicecrawler.com/) Chrome/90.0.4430.97 Safari/537.36"
69.160.160.55 - - [30/Nov/2025:13:10:46 +0000] "GET /robots.txt HTTP/1.1" 200 555 "-" "Mozilla/5.0 (Windows NT 10.0; Win64; x64) AppleWebKit/537.36 (KHTML, like Gecko) Chrome/58.0.3029.110 Safari/537.3"
216.244.66.234 - - [30/Nov/2025:14:19:03 +0000] "GET /robots.txt HTTP/1.1" 200 555 "-" "Mozilla/5.0 (compatible; DotBot/1.2; +https://opensiteexplorer.org/dotbot; help@moz.com)"
216.244.66.234 - - [30/Nov/2025:14:26:43 +0000] "GET /shop.php?url=rajputana-sword HTTP/1.1" 302 771 "-" "Mozilla/5.0 (compatible; DotBot/1.2; +https://opensiteexplorer.org/dotbot; help@moz.com)"
216.244.66.234 - - [30/Nov/2025:15:11:33 +0000] "GET /shop/steel-goliya-sword HTTP/1.1" 200 476727 "-" "Mozilla/5.0 (compatible; DotBot/1.2; +https://opensiteexplorer.org/dotbot; help@moz.com)"
216.244.66.234 - - [30/Nov/2025:15:11:46 +0000] "GET /product.php?url=sword HTTP/1.1" 302 771 "-" "Mozilla/5.0 (compatible; DotBot/1.2; +https://opensiteexplorer.org/dotbot; help@moz.com)"
216.244.66.234 - - [30/Nov/2025:15:11:55 +0000] "GET /product.php?url=japanis-samurai-katana HTTP/1.1" 302 771 "-" "Mozilla/5.0 (compatible; DotBot/1.2; +https://opensiteexplorer.org/dotbot; help@moz.com)"
216.244.66.234 - - [30/Nov/2025:06:21:25 +0000] "GET /robots.txt HTTP/1.1" 200 555 "-" "Mozilla/5.0 (compatible; DotBot/1.2; +https://opensiteexplorer.org/dotbot; help@moz.com)"
216.244.66.234 - - [30/Nov/2025:06:29:18 +0000] "GET /product-template.html HTTP/1.1" 404 1251 "-" "Mozilla/5.0 (compatible; DotBot/1.2; +https://opensiteexplorer.org/dotbot; help@moz.com)"
216.244.66.234 - - [30/Nov/2025:06:29:23 +0000] "GET /product?url=maharaja-wedding-sword HTTP/1.1" 200 478296 "-" "Mozilla/5.0 (compatible; DotBot/1.2; +https://opensiteexplorer.org/dotbot; help@moz.com)"
180.153.236.225 - - [30/Nov/2025:06:33:18 +0000] "GET / HTTP/1.1" 200 65529 "http://bdskirpanfactory.com/" "Mozilla/5.0 (Windows NT 10.0; Win64; x64) AppleWebKit/537.36 (KHTML, like Gecko) Chrome/140.0.0.0 Safari/537.36 Edg/140.0.0.0; 360Spider"
216.244.66.234 - - [30/Nov/2025:08:58:51 +0000] "GET /shop/wedding-sword HTTP/1.1" 200 479281 "-" "Mozilla/5.0 (compatible; DotBot/1.2; +https://opensiteexplorer.org/dotbot; help@moz.com)"
216.244.66.234 - - [30/Nov/2025:09:46:38 +0000] "GET /product?url=groom-wedding-sword-both HTTP/1.1" 200 479426 "-" "Mozilla/5.0 (compatible; DotBot/1.2; +https://opensiteexplorer.org/dotbot; help@moz.com)"
216.244.66.234 - - [30/Nov/2025:10:24:03 +0000] "GET /robots.txt HTTP/1.1" 200 555 "-" "Mozilla/5.0 (compatible; DotBot/1.2; +https://opensiteexplorer.org/dotbot; help@moz.com)"
216.244.66.234 - - [30/Nov/2025:10:33:26 +0000] "GET /shop.php?url=decorative-swords HTTP/1.1" 302 771 "-" "Mozilla/5.0 (compatible; DotBot/1.2; +https://opensiteexplorer.org/dotbot; help@moz.com)"
216.244.66.234 - - [30/Nov/2025:11:10:43 +0000] "GET /robots.txt HTTP/1.1" 200 555 "-" "Mozilla/5.0 (compatible; DotBot/1.2; +https://opensiteexplorer.org/dotbot; help@moz.com)"
216.244.66.234 - - [30/Nov/2025:11:20:00 +0000] "GET /shop/talwar-king HTTP/1.1" 200 481493 "-" "Mozilla/5.0 (compatible; DotBot/1.2; +https://opensiteexplorer.org/dotbot; help@moz.com)"
180.153.236.6 - - [30/Nov/2025:11:34:39 +0000] "GET / HTTP/1.1" 301 795 "http://www.bdskirpanfactory.com/" "Mozilla/5.0 (Windows NT 10.0; Win64; x64) AppleWebKit/537.36 (KHTML, like Gecko) Chrome/140.0.0.0 Safari/537.36 Edg/140.0.0.0; 360Spider"
180.153.236.57 - - [30/Nov/2025:11:35:04 +0000] "GET /index.php HTTP/1.1" 302 771 "http://www.bdskirpanfactory.com/index.php" "Mozilla/5.0 (Windows NT 10.0; Win64; x64) AppleWebKit/537.36 (KHTML, like Gecko) Chrome/140.0.0.0 Safari/537.36 Edg/140.0.0.0; 360Spider"
180.153.236.133 - - [30/Nov/2025:11:35:17 +0000] "GET /index HTTP/1.1" 301 795 "http://www.bdskirpanfactory.com/index" "Mozilla/5.0 (Windows NT 10.0; Win64; x64) AppleWebKit/537.36 (KHTML, like Gecko) Chrome/140.0.0.0 Safari/537.36 Edg/140.0.0.0; 360Spider"
216.244.66.234 - - [30/Nov/2025:12:55:16 +0000] "GET /index HTTP/1.1" 301 795 "-" "Mozilla/5.0 (compatible; DotBot/1.2; +https://opensiteexplorer.org/dotbot; help@moz.com)"
43.153.122.30 - - [30/Nov/2025:13:07:16 +0000] "GET / HTTP/1.1" 301 795 "-" "Mozilla/5.0 (iPhone; CPU iPhone OS 13_2_3 like Mac OS X) AppleWebKit/605.1.15 (KHTML, like Gecko) Version/13.0.3 Mobile/15E148 Safari/604.1"
69.160.160.55 - - [30/Nov/2025:13:09:46 +0000] "GET / HTTP/1.1" 200 65953 "http://bdskirpanfactory.com" "Mozilla/5.0 AppleWebKit/537.36 (KHTML, like Gecko; compatible; Nicecrawler/1.1; +http://www.nicecrawler.com/) Chrome/90.0.4430.97 Safari/537.36"
69.160.160.55 - - [30/Nov/2025:13:09:52 +0000] "GET / HTTP/1.1" 200 65923 "-" "Mozilla/5.0 (X11; Linux x86_64) AppleWebKit/537.36 (KHTML, like Gecko) HeadlessChrome/81.0.4044.92 Safari/537.36"
216.244.66.234 - - [30/Nov/2025:15:04:09 +0000] "GET /robots.txt HTTP/1.1" 200 555 "-" "Mozilla/5.0 (compatible; DotBot/1.2; +https://opensiteexplorer.org/dotbot; help@moz.com)"
185.39.19.34 - - [30/Nov/2025:16:27:42 +0000] "GET / HTTP/1.0" 200 808775 "http://bdskirpanfactory.com/" "Mozilla/5.0 (Windows NT 10.0; Win64; x64) AppleWebKit/537.36 (KHTML, like Gecko) Chrome/130.0.0.0 Safari/537.36 CCleaner/130.0.0.0"
216.244.66.234 - - [30/Nov/2025:16:40:23 +0000] "GET /cart-empty.html HTTP/1.1" 404 1251 "-" "Mozilla/5.0 (compatible; DotBot/1.2; +https://opensiteexplorer.org/dotbot; help@moz.com)"
216.244.66.234 - - [30/Nov/2025:16:40:28 +0000] "GET /product.php?url=sarb-loha-heavy-tega HTTP/1.1" 302 771 "-" "Mozilla/5.0 (compatible; DotBot/1.2; +https://opensiteexplorer.org/dotbot; help@moz.com)"
216.244.66.234 - - [30/Nov/2025:17:25:42 +0000] "GET /product.php?url=rajputana-talwar HTTP/1.1" 302 771 "-" "Mozilla/5.0 (compatible; DotBot/1.2; +https://opensiteexplorer.org/dotbot; help@moz.com)"
216.244.66.234 - - [30/Nov/2025:17:25:46 +0000] "GET /product.php?url=katana-sword-steel-blade HTTP/1.1" 302 771 "-" "Mozilla/5.0 (compatible; DotBot/1.2; +https://opensiteexplorer.org/dotbot; help@moz.com)"
20.191.45.212 - - [30/Nov/2025:17:51:48 +0000] "GET / HTTP/1.1" 200 65658 "http://bdskirpanfactory.com/" "DuckDuckBot/1.1; (+http://duckduckgo.com/duckduckbot.html)"
159.89.47.32 - - [30/Nov/2025:18:00:03 +0000] "GET /.git/config HTTP/1.1" 403 1242 "-" "Mozilla/5.0 (X11; Linux x86_64) AppleWebKit/537.36 (KHTML, like Gecko) Chrome/81.0.4044.129 Safari/537.36"
216.244.66.234 - - [30/Nov/2025:18:02:52 +0000] "GET /robots.txt HTTP/1.1" 200 555 "-" "Mozilla/5.0 (compatible; DotBot/1.2; +https://opensiteexplorer.org/dotbot; help@moz.com)"
216.244.66.234 - - [30/Nov/2025:18:10:37 +0000] "GET /product.php?url=wall-hanging-antique HTTP/1.1" 302 771 "-" "Mozilla/5.0 (compatible; DotBot/1.2; +https://opensiteexplorer.org/dotbot; help@moz.com)"
216.244.66.234 - - [30/Nov/2025:18:48:44 +0000] "GET /robots.txt HTTP/1.1" 200 555 "-" "Mozilla/5.0 (compatible; DotBot/1.2; +https://opensiteexplorer.org/dotbot; help@moz.com)"
216.244.66.234 - - [30/Nov/2025:18:56:37 +0000] "GET /shop/steel-and-brass-goliya-sword HTTP/1.1" 200 477084 "-" "Mozilla/5.0 (compatible; DotBot/1.2; +https://opensiteexplorer.org/dotbot; help@moz.com)"
66.249.69.11 - - [30/Nov/2025:19:24:10 +0000] "GET /robots.txt HTTP/1.1" 301 795 "-" "Mozilla/5.0 (compatible; Googlebot/2.1; +http://www.google.com/bot.html)"
216.244.66.234 - - [30/Nov/2025:19:34:04 +0000] "GET /robots.txt HTTP/1.1" 200 555 "-" "Mozilla/5.0 (compatible; DotBot/1.2; +https://opensiteexplorer.org/dotbot; help@moz.com)"
216.244.66.234 - - [30/Nov/2025:19:43:24 +0000] "GET /product.php?url=rajput-antique-talwar HTTP/1.1" 302 771 "-" "Mozilla/5.0 (compatible; DotBot/1.2; +https://opensiteexplorer.org/dotbot; help@moz.com)"
216.244.66.234 - - [30/Nov/2025:19:43:34 +0000] "GET /product.php?url=steel-goliya-sword HTTP/1.1" 302 771 "-" "Mozilla/5.0 (compatible; DotBot/1.2; +https://opensiteexplorer.org/dotbot; help@moz.com)"
43.166.250.187 - - [30/Nov/2025:21:02:43 +0000] "GET / HTTP/1.1" 200 66030 "-" "Mozilla/5.0 (iPhone; CPU iPhone OS 13_2_3 like Mac OS X) AppleWebKit/605.1.15 (KHTML, like Gecko) Version/13.0.3 Mobile/15E148 Safari/604.1"
216.244.66.234 - - [30/Nov/2025:21:12:06 +0000] "GET /shop/american-tega HTTP/1.1" 200 476952 "-" "Mozilla/5.0 (compatible; DotBot/1.2; +https://opensiteexplorer.org/dotbot; help@moz.com)"
113.101.41.85 - - [30/Nov/2025:21:13:48 +0000] "GET /index.php HTTP/1.1" 302 771 "http://bdskirpanfactory.com/index.php" "Mozilla/5.0 (Windows NT 6.1; WOW64) AppleWebKit/537.36 (KHTML, like Gecko) Chrome/50.0.2661.102 Safari/537.36"
152.42.186.218 - - [30/Nov/2025:21:42:06 +0000] "GET /sftp-config.json HTTP/1.1" 404 1251 "-" "Mozilla/5.0 (Macintosh; Intel Mac OS X 10.15; rv:77.0) Gecko/20100101 Firefox/77.0"
152.42.186.218 - - [30/Nov/2025:21:42:06 +0000] "GET /.vscode/sftp.json HTTP/1.1" 404 1251 "-" "Mozilla/5.0 (Macintosh; Intel Mac OS X 10.15; rv:77.0) Gecko/20100101 Firefox/77.0"
173.252.87.25 - - [30/Nov/2025:22:17:00 +0000] "GET /robots.txt HTTP/1.1" 206 555 "-" "facebookexternalhit/1.1 (+http://www.facebook.com/externalhit_uatext.php)"